{"id":53,"date":"2016-01-30T17:38:29","date_gmt":"2016-01-30T15:38:29","guid":{"rendered":"http:\/\/www.agentur-aim.com\/aim2\/?page_id=53"},"modified":"2016-01-30T17:38:29","modified_gmt":"2016-01-30T15:38:29","slug":"autohausberatung","status":"publish","type":"page","link":"https:\/\/www.agentur-aim.com\/?page_id=53","title":{"rendered":"Autohausberatung"},"content":{"rendered":"<p>Aufgrund durchgef\u00fchrter Projekte und dem Theorieschwerpunkt in unserem Team, haben sich spezielle Kernkompetenzen entwickelt. Eine solche Kernkompetenz ist die Beratung von freien und markengebundenen Autoh\u00e4usern mit folgenden Leistungen:<\/p>\n<p>Komplettberatung, Realisierung und auch Interimmanagement<\/p>\n<ul>\n<li>Bewertung der Autohaus-Strukturen (St\u00e4rken-Schw\u00e4chen)<\/li>\n<li>Standortanalysen (Chancen und Risken)<\/li>\n<li>Effizienz- und Kostenanalysen<\/li>\n<li>Aufbau von Vertriebsstrategien<\/li>\n<li>Aufbau von Kennzahlensystemen<\/li>\n<li>Aufbau Gebrauchtwagenmanagement<\/li>\n<li>Verbesserung der Serviceorganisation<\/li>\n<li>Fusionsberatung und Standortvernetzung<\/li>\n<li>Autohaus QM &#8211; Systeme (siehe Brosch\u00fcre Autohaus QM &#8211; gilt nicht nur f\u00fcr Opelpartner)<\/li>\n<li>Beratungen zur Unternehmernachfolge<\/li>\n<li>Coaching von Gesch\u00e4ftsf\u00fchrern, Junioren, F\u00fchrungsmitarbeitern<\/li>\n<li>Verkaufs- und Werkstatttests mit detaillierter Auswertung<\/li>\n<li>Aufbau eines Ressourcenorientierten Marketing (Integrationsmarketing)<\/li>\n<li>Vernetzung und Umsetzungsteuerung von Herstelleranforderungen<\/li>\n<li>Kundenzufriedenheitsanalysen<\/li>\n<li>Entwicklung und Einf\u00fchrung von Kundenstandards (Leitlinien)<\/li>\n<li>Aufbau eines effizienten System zur Marktbearbeitung (ABC &#8211; Marktbearbeitung)<\/li>\n<\/ul>\n","protected":false},"excerpt":{"rendered":"<p>Aufgrund durchgef\u00fchrter Projekte und dem Theorieschwerpunkt in unserem Team, haben sich spezielle Kernkompetenzen entwickelt. Eine solche Kernkompetenz ist die Beratung von freien und markengebundenen Autoh\u00e4usern mit folgenden Leistungen: Komplettberatung, Realisierung und auch Interimmanagement Bewertung der Autohaus-Strukturen (St\u00e4rken-Schw\u00e4chen) Standortanalysen (Chancen und Risken) Effizienz- und Kostenanalysen Aufbau von Vertriebsstrategien Aufbau von Kennzahlensystemen Aufbau Gebrauchtwagenmanagement Verbesserung der Serviceorganisation [&hellip;]<\/p>\n","protected":false},"author":1,"featured_media":0,"parent":0,"menu_order":0,"comment_status":"closed","ping_status":"closed","template":"","meta":{"footnotes":""},"class_list":["post-53","page","type-page","status-publish","hentry"],"_links":{"self":[{"href":"https:\/\/www.agentur-aim.com\/index.php?rest_route=\/wp\/v2\/pages\/53","targetHints":{"allow":["GET"]}}],"collection":[{"href":"https:\/\/www.agentur-aim.com\/index.php?rest_route=\/wp\/v2\/pages"}],"about":[{"href":"https:\/\/www.agentur-aim.com\/index.php?rest_route=\/wp\/v2\/types\/page"}],"author":[{"embeddable":true,"href":"https:\/\/www.agentur-aim.com\/index.php?rest_route=\/wp\/v2\/users\/1"}],"replies":[{"embeddable":true,"href":"https:\/\/www.agentur-aim.com\/index.php?rest_route=%2Fwp%2Fv2%2Fcomments&post=53"}],"version-history":[{"count":1,"href":"https:\/\/www.agentur-aim.com\/index.php?rest_route=\/wp\/v2\/pages\/53\/revisions"}],"predecessor-version":[{"id":55,"href":"https:\/\/www.agentur-aim.com\/index.php?rest_route=\/wp\/v2\/pages\/53\/revisions\/55"}],"wp:attachment":[{"href":"https:\/\/www.agentur-aim.com\/index.php?rest_route=%2Fwp%2Fv2%2Fmedia&parent=53"}],"curies":[{"name":"wp","href":"https:\/\/api.w.org\/{rel}","templated":true}]}}